{"id":5644,"date":"2016-04-20T17:49:46","date_gmt":"2016-04-20T17:49:46","guid":{"rendered":"https:\/\/coaching.thimpress.com\/coachingwp-2\/?page_id=5644"},"modified":"2023-08-27T22:49:18","modified_gmt":"2023-08-27T22:49:18","slug":"about-me","status":"publish","type":"page","link":"https:\/\/becascie.com\/index.php\/about-me\/","title":{"rendered":"Somos"},"content":{"rendered":"\t\t<div data-elementor-type=\"wp-post\" data-elementor-id=\"5644\" class=\"elementor elementor-5644\" data-elementor-post-type=\"page\">\n\t\t\t\t\t\t\t\t\t<section class=\"elementor-section elementor-top-section elementor-element elementor-element-da18957 elementor-section-boxed elementor-section-height-default elementor-section-height-default\" data-id=\"da18957\" data-element_type=\"section\">\n\t\t\t\t\t\t<div class=\"elementor-container elementor-column-gap-default\">\n\t\t\t\t\t<div class=\"elementor-column elementor-col-100 elementor-top-column elementor-element elementor-element-7963988\" data-id=\"7963988\" data-element_type=\"column\">\n\t\t\t<div class=\"elementor-widget-wrap elementor-element-populated\">\n\t\t\t\t\t\t\t\t<div class=\"elementor-element elementor-element-5afd1e3 elementor-widget__width-inherit elementor-widget elementor-widget-image\" data-id=\"5afd1e3\" data-element_type=\"widget\" data-widget_type=\"image.default\">\n\t\t\t\t<div class=\"elementor-widget-container\">\n\t\t\t<style>\/*! elementor - v3.15.0 - 09-08-2023 *\/\n.elementor-widget-image{text-align:center}.elementor-widget-image a{display:inline-block}.elementor-widget-image a img[src$=\".svg\"]{width:48px}.elementor-widget-image img{vertical-align:middle;display:inline-block}<\/style>\t\t\t\t\t\t\t\t\t\t\t\t<img decoding=\"async\" width=\"1585\" height=\"513\" src=\"https:\/\/becascie.com\/wp-content\/uploads\/2023\/08\/cie-usa-cintillo.jpg\" class=\"attachment-full size-full wp-image-11468\" alt=\"\" loading=\"lazy\" srcset=\"https:\/\/becascie.com\/wp-content\/uploads\/2023\/08\/cie-usa-cintillo.jpg 1585w, https:\/\/becascie.com\/wp-content\/uploads\/2023\/08\/cie-usa-cintillo-300x97.jpg 300w, https:\/\/becascie.com\/wp-content\/uploads\/2023\/08\/cie-usa-cintillo-1024x331.jpg 1024w, https:\/\/becascie.com\/wp-content\/uploads\/2023\/08\/cie-usa-cintillo-768x249.jpg 768w, https:\/\/becascie.com\/wp-content\/uploads\/2023\/08\/cie-usa-cintillo-1536x497.jpg 1536w, https:\/\/becascie.com\/wp-content\/uploads\/2023\/08\/cie-usa-cintillo-600x194.jpg 600w\" sizes=\"(max-width: 1585px) 100vw, 1585px\" \/>\t\t\t\t\t\t\t\t\t\t\t\t\t\t\t<\/div>\n\t\t\t\t<\/div>\n\t\t\t\t\t<\/div>\n\t\t<\/div>\n\t\t\t\t\t\t\t<\/div>\n\t\t<\/section>\n\t\t\t\t<section class=\"elementor-section elementor-top-section elementor-element elementor-element-1757dcb1 thim_1_col_tablet elementor-section-boxed elementor-section-height-default elementor-section-height-default\" data-id=\"1757dcb1\" data-element_type=\"section\">\n\t\t\t\t\t\t<div class=\"elementor-container elementor-column-gap-extended\">\n\t\t\t\t\t<div class=\"elementor-column elementor-col-50 elementor-top-column elementor-element elementor-element-19d46503\" data-id=\"19d46503\" data-element_type=\"column\">\n\t\t\t<div class=\"elementor-widget-wrap elementor-element-populated\">\n\t\t\t\t\t\t\t\t<div class=\"elementor-element elementor-element-52a644d3 elementor-widget elementor-widget-thim-heading\" data-id=\"52a644d3\" data-element_type=\"widget\" data-widget_type=\"thim-heading.default\">\n\t\t\t\t<div class=\"elementor-widget-container\">\n\t\t\t<div class=\"sc_heading   text-center\"><h3 style=\"color:#333333;font-size:32px;font-weight:500;\" class=\"title\">SOMOS <strong>CIEUSA<\/strong><\/h3><span class=\"line\"><\/span><\/div>\t\t<\/div>\n\t\t\t\t<\/div>\n\t\t\t\t<div class=\"elementor-element elementor-element-77ad1623 elementor-widget elementor-widget-wp-widget-text\" data-id=\"77ad1623\" data-element_type=\"widget\" data-widget_type=\"wp-widget-text.default\">\n\t\t\t\t<div class=\"elementor-widget-container\">\n\t\t\t\t\t\t<div class=\"textwidget\"><p>CIE EXPANSI\u00d3N USA-CIEUSA es una compa\u00f1\u00eda aliada a la red empresarial de CORPORACI\u00d3N INTERNACIONAL DE EXCELENCIA, conformada por un equipo de profesionales con una amplia trayectoria empresarial, especializados en asesorar, dise\u00f1ar, elaborar e implementar proyectos de promoci\u00f3n y comercializaci\u00f3n de programas de formaci\u00f3n postgrado de Universidades, Escuelas de Negocios y entidades educativas similares de Europa y Am\u00e9rica, en las modalidades de estudio presencial, online y semi presencial.<\/p>\n<p>&nbsp;<\/p>\n<p>CIEUSA\u00a0en convenio con Instituciones Educativas de prestigio, funciona como Promotor Educativo Comercial. Realiza la evaluaci\u00f3n de la oferta educativa y propone estrategias de marketing para su comercializaci\u00f3n eficiente; estructura la metodolog\u00eda de trabajo para la b\u00fasqueda de potenciales postulantes y comercializa los programas a trav\u00e9s de un equipo internacional de asesores educativos de manera online u offline.<\/p>\n<p><code><\/code><\/p>\n<\/div>\n\t\t\t\t<\/div>\n\t\t\t\t<\/div>\n\t\t\t\t<div class=\"elementor-element elementor-element-6c8b3030 elementor-widget elementor-widget-wp-widget-text\" data-id=\"6c8b3030\" data-element_type=\"widget\" data-widget_type=\"wp-widget-text.default\">\n\t\t\t\t<div class=\"elementor-widget-container\">\n\t\t\t\t\t\t<div class=\"textwidget\"><p>CIEUSA es especialista en, dise\u00f1ar estrategias comerciales para presentar ofertas educativas adecuadas a las caracter\u00edsticas y necesidades de cada mercado, estructurar modelos comerciales de asesor\u00eda educativa de alta calidad y definir mecanismos de mejora continua para asegurar procesos de amplio beneficio acad\u00e9mico-econ\u00f3mico para los profesionales de m\u00e1s de 12 pa\u00edses de Latinoam\u00e9rica.<\/p>\n<p>Nos caracterizamor por:<\/p>\n<\/div>\n\t\t\t\t<\/div>\n\t\t\t\t<\/div>\n\t\t\t\t<div class=\"elementor-element elementor-element-14bf3e94 elementor-widget elementor-widget-wp-widget-text\" data-id=\"14bf3e94\" data-element_type=\"widget\" data-widget_type=\"wp-widget-text.default\">\n\t\t\t\t<div class=\"elementor-widget-container\">\n\t\t\t\t\t\t<div class=\"textwidget\"><ul>\n<li>Metodolog\u00eda<\/li>\n<li>Enfoque<\/li>\n<li>Perseverancia<\/li>\n<li>Acompa\u00f1amiento a nuestros clientes y asesores acad\u00e9micos.<\/li>\n<\/ul>\n<\/div>\n\t\t\t\t<\/div>\n\t\t\t\t<\/div>\n\t\t\t\t\t<\/div>\n\t\t<\/div>\n\t\t\t\t<div class=\"elementor-column elementor-col-50 elementor-top-column elementor-element elementor-element-71285b3f\" data-id=\"71285b3f\" data-element_type=\"column\">\n\t\t\t<div class=\"elementor-widget-wrap elementor-element-populated\">\n\t\t\t\t\t\t\t\t<div class=\"elementor-element elementor-element-761d9ea3 elementor-widget elementor-widget-image\" data-id=\"761d9ea3\" data-element_type=\"widget\" data-widget_type=\"image.default\">\n\t\t\t\t<div class=\"elementor-widget-container\">\n\t\t\t\t\t\t\t\t\t\t\t\t\t\t\t<img decoding=\"async\" width=\"2160\" height=\"1440\" src=\"https:\/\/becascie.com\/wp-content\/uploads\/2023\/08\/2-1.png\" class=\"attachment-full size-full wp-image-11417\" alt=\"\" loading=\"lazy\" srcset=\"https:\/\/becascie.com\/wp-content\/uploads\/2023\/08\/2-1.png 2160w, https:\/\/becascie.com\/wp-content\/uploads\/2023\/08\/2-1-300x200.png 300w, https:\/\/becascie.com\/wp-content\/uploads\/2023\/08\/2-1-1024x683.png 1024w, https:\/\/becascie.com\/wp-content\/uploads\/2023\/08\/2-1-768x512.png 768w, https:\/\/becascie.com\/wp-content\/uploads\/2023\/08\/2-1-1536x1024.png 1536w, https:\/\/becascie.com\/wp-content\/uploads\/2023\/08\/2-1-2048x1365.png 2048w, https:\/\/becascie.com\/wp-content\/uploads\/2023\/08\/2-1-600x400.png 600w\" sizes=\"(max-width: 2160px) 100vw, 2160px\" \/>\t\t\t\t\t\t\t\t\t\t\t\t\t\t\t<\/div>\n\t\t\t\t<\/div>\n\t\t\t\t<div class=\"elementor-element elementor-element-474d3a5 elementor-widget elementor-widget-wp-widget-text\" data-id=\"474d3a5\" data-element_type=\"widget\" data-widget_type=\"wp-widget-text.default\">\n\t\t\t\t<div class=\"elementor-widget-container\">\n\t\t\t\t\t\t<div class=\"textwidget\"><p>CIEUSA busca el beneficio com\u00fan para el profesional latino que aspira a su formaci\u00f3n postgrado de calidad internacional a bajo costo, y para la entidad educativa que aspira a su expansi\u00f3n en Latinoam\u00e9rica dejando un legado educativo como inversi\u00f3n social que tendr\u00e1 un impacto econ\u00f3mico a mediano y largo plazo en la persona, en las organizaciones y en consecuencia en los pa\u00edses.<\/p>\n<p>Contamos con experiencia y capacidad comprobada para producir resultados de excelencia en la promoci\u00f3n de programas de formaci\u00f3n en pa\u00edses tales como Per\u00fa, Colombia, Chile, Ecuador, Rep\u00fablica Dominica, Paraguay, Argentina, El Salvador, entre otros. Nuestros resultados son nuestra mejor carta de presentaci\u00f3n.<\/p>\n<p><code><\/code><\/p>\n<\/div>\n\t\t\t\t<\/div>\n\t\t\t\t<\/div>\n\t\t\t\t\t<\/div>\n\t\t<\/div>\n\t\t\t\t\t\t\t<\/div>\n\t\t<\/section>\n\t\t\t\t<section class=\"elementor-section elementor-top-section elementor-element elementor-element-8f66f1b elementor-section-stretched elementor-section-boxed elementor-section-height-default elementor-section-height-default\" data-id=\"8f66f1b\" data-element_type=\"section\" data-settings=\"{&quot;stretch_section&quot;:&quot;section-stretched&quot;,&quot;background_background&quot;:&quot;classic&quot;}\">\n\t\t\t\t\t\t\t<div class=\"elementor-background-overlay\"><\/div>\n\t\t\t\t\t\t\t<div class=\"elementor-container elementor-column-gap-default\">\n\t\t\t\t\t<div class=\"elementor-column elementor-col-100 elementor-top-column elementor-element elementor-element-367c6a9\" data-id=\"367c6a9\" data-element_type=\"column\">\n\t\t\t<div class=\"elementor-widget-wrap elementor-element-populated\">\n\t\t\t\t\t\t\t\t<div class=\"elementor-element elementor-element-e16ab01 elementor-widget elementor-widget-heading\" data-id=\"e16ab01\" data-element_type=\"widget\" data-widget_type=\"heading.default\">\n\t\t\t\t<div class=\"elementor-widget-container\">\n\t\t\t<style>\/*! elementor - v3.15.0 - 09-08-2023 *\/\n.elementor-heading-title{padding:0;margin:0;line-height:1}.elementor-widget-heading .elementor-heading-title[class*=elementor-size-]>a{color:inherit;font-size:inherit;line-height:inherit}.elementor-widget-heading .elementor-heading-title.elementor-size-small{font-size:15px}.elementor-widget-heading .elementor-heading-title.elementor-size-medium{font-size:19px}.elementor-widget-heading .elementor-heading-title.elementor-size-large{font-size:29px}.elementor-widget-heading .elementor-heading-title.elementor-size-xl{font-size:39px}.elementor-widget-heading .elementor-heading-title.elementor-size-xxl{font-size:59px}<\/style><h2 class=\"elementor-heading-title elementor-size-default\">Implementamos estrategias exitosas<\/h2>\t\t<\/div>\n\t\t\t\t<\/div>\n\t\t\t\t\t<\/div>\n\t\t<\/div>\n\t\t\t\t\t\t\t<\/div>\n\t\t<\/section>\n\t\t\t\t<section class=\"elementor-section elementor-top-section elementor-element elementor-element-1882bb45 elementor-section-stretched elementor-section-boxed elementor-section-height-default elementor-section-height-default\" data-id=\"1882bb45\" data-element_type=\"section\" data-settings=\"{&quot;stretch_section&quot;:&quot;section-stretched&quot;,&quot;background_background&quot;:&quot;classic&quot;}\">\n\t\t\t\t\t\t<div class=\"elementor-container elementor-column-gap-no\">\n\t\t\t\t\t<div class=\"elementor-column elementor-col-100 elementor-top-column elementor-element elementor-element-3c646928\" data-id=\"3c646928\" data-element_type=\"column\">\n\t\t\t<div class=\"elementor-widget-wrap elementor-element-populated\">\n\t\t\t\t\t\t\t\t<section class=\"elementor-section elementor-inner-section elementor-element elementor-element-124119b3 thim-list-text elementor-section-boxed elementor-section-height-default elementor-section-height-default\" data-id=\"124119b3\" data-element_type=\"section\">\n\t\t\t\t\t\t<div class=\"elementor-container elementor-column-gap-default\">\n\t\t\t\t\t<div class=\"elementor-column elementor-col-100 elementor-inner-column elementor-element elementor-element-a5160fe\" data-id=\"a5160fe\" data-element_type=\"column\">\n\t\t\t<div class=\"elementor-widget-wrap elementor-element-populated\">\n\t\t\t\t\t\t\t\t<div class=\"elementor-element elementor-element-9961bb0 elementor-widget elementor-widget-thim-heading\" data-id=\"9961bb0\" data-element_type=\"widget\" data-widget_type=\"thim-heading.default\">\n\t\t\t\t<div class=\"elementor-widget-container\">\n\t\t\t<div class=\"sc_heading   text-center\"><h3 style=\"color:#333333;font-size:32px;font-weight:500;\" class=\"title\">NUESTRA <strong>EXPERIENCIA<\/strong><\/h3><span class=\"line\"><\/span><\/div>\t\t<\/div>\n\t\t\t\t<\/div>\n\t\t\t\t<div class=\"elementor-element elementor-element-3d25da11 elementor-widget elementor-widget-thim-progress\" data-id=\"3d25da11\" data-element_type=\"widget\" data-widget_type=\"thim-progress.default\">\n\t\t\t\t<div class=\"elementor-widget-container\">\n\t\t\t<div class=\"thim-widget-progress\">\n\t<div class=\"row\">\n\t\t<div class=\"progress-title col-md-8 col-sm-8 col-xs-8\"><h4 class=\"widget-title\">EXPERTISE EN  ESTRATEGIAS COMERCIALES<\/h4><\/div>\t\t<div id=\"progress_69f5d58b7ef50\" class=\"panel-group\" role=\"tablist\" aria-multiselectable=\"true\">\n\t\t\t<div class=\"wrap-percent\">\n\t\t\t\t<div class=\"percent\" style=\"margin-left: 100%\">100%<\/div>\n\t\t\t<\/div>\n\t\t\t<div class=\"progress-parent\" style=\"background: b80606;height: 5px;\">\n\t\t\t\t<div class=\"progress\" style=\"background: #B80606;width: 100%;height: 5px;\"><\/div>\n\t\t\t<\/div>\n\t\t<\/div>\n\t<\/div>\n<\/div>\t\t<\/div>\n\t\t\t\t<\/div>\n\t\t\t\t<div class=\"elementor-element elementor-element-18efd692 elementor-widget elementor-widget-thim-progress\" data-id=\"18efd692\" data-element_type=\"widget\" data-widget_type=\"thim-progress.default\">\n\t\t\t\t<div class=\"elementor-widget-container\">\n\t\t\t<div class=\"thim-widget-progress\">\n\t<div class=\"row\">\n\t\t<div class=\"progress-title col-md-8 col-sm-8 col-xs-8\"><h4 class=\"widget-title\">DOMINIO DE MARKERTING Y CIERRE DE VENTAS <\/h4><\/div>\t\t<div id=\"progress_69f5d58b7f943\" class=\"panel-group\" role=\"tablist\" aria-multiselectable=\"true\">\n\t\t\t<div class=\"wrap-percent\">\n\t\t\t\t<div class=\"percent\" style=\"margin-left: 95%\">95%<\/div>\n\t\t\t<\/div>\n\t\t\t<div class=\"progress-parent\" style=\"background: #eaeaea;height: 5px;\">\n\t\t\t\t<div class=\"progress\" style=\"background: #B80606;width: 95%;height: 5px;\"><\/div>\n\t\t\t<\/div>\n\t\t<\/div>\n\t<\/div>\n<\/div>\t\t<\/div>\n\t\t\t\t<\/div>\n\t\t\t\t<div class=\"elementor-element elementor-element-5e9da8dd elementor-widget elementor-widget-thim-progress\" data-id=\"5e9da8dd\" data-element_type=\"widget\" data-widget_type=\"thim-progress.default\">\n\t\t\t\t<div class=\"elementor-widget-container\">\n\t\t\t<div class=\"thim-widget-progress\">\n\t<div class=\"row\">\n\t\t<div class=\"progress-title col-md-8 col-sm-8 col-xs-8\"><h4 class=\"widget-title\">ASESOR\u00cdA  PARA EMPRESAS EDUCATIVAS<\/h4><\/div>\t\t<div id=\"progress_69f5d58b80375\" class=\"panel-group\" role=\"tablist\" aria-multiselectable=\"true\">\n\t\t\t<div class=\"wrap-percent\">\n\t\t\t\t<div class=\"percent\" style=\"margin-left: 100%\">100%<\/div>\n\t\t\t<\/div>\n\t\t\t<div class=\"progress-parent\" style=\"background: #eaeaea;height: 5px;\">\n\t\t\t\t<div class=\"progress\" style=\"background: #B80606;width: 100%;height: 5px;\"><\/div>\n\t\t\t<\/div>\n\t\t<\/div>\n\t<\/div>\n<\/div>\t\t<\/div>\n\t\t\t\t<\/div>\n\t\t\t\t<div class=\"elementor-element elementor-element-640db15f elementor-widget elementor-widget-thim-progress\" data-id=\"640db15f\" data-element_type=\"widget\" data-widget_type=\"thim-progress.default\">\n\t\t\t\t<div class=\"elementor-widget-container\">\n\t\t\t<div class=\"thim-widget-progress\">\n\t<div class=\"row\">\n\t\t<div class=\"progress-title col-md-8 col-sm-8 col-xs-8\"><h4 class=\"widget-title\">CAPACITACI\u00d3N CONTINUA A NUESTRO EQUIPO<\/h4><\/div>\t\t<div id=\"progress_69f5d58b81148\" class=\"panel-group\" role=\"tablist\" aria-multiselectable=\"true\">\n\t\t\t<div class=\"wrap-percent\">\n\t\t\t\t<div class=\"percent\" style=\"margin-left: 100%\">100%<\/div>\n\t\t\t<\/div>\n\t\t\t<div class=\"progress-parent\" style=\"background: #eaeaea;height: 5px;\">\n\t\t\t\t<div class=\"progress\" style=\"background: #B80606;width: 100%;height: 5px;\"><\/div>\n\t\t\t<\/div>\n\t\t<\/div>\n\t<\/div>\n<\/div>\t\t<\/div>\n\t\t\t\t<\/div>\n\t\t\t\t\t<\/div>\n\t\t<\/div>\n\t\t\t\t\t\t\t<\/div>\n\t\t<\/section>\n\t\t\t\t\t<\/div>\n\t\t<\/div>\n\t\t\t\t\t\t\t<\/div>\n\t\t<\/section>\n\t\t\t\t<section class=\"elementor-section elementor-top-section elementor-element elementor-element-4cb826b4 elementor-section-stretched elementor-section-boxed elementor-section-height-default elementor-section-height-default\" data-id=\"4cb826b4\" data-element_type=\"section\" data-settings=\"{&quot;stretch_section&quot;:&quot;section-stretched&quot;,&quot;background_background&quot;:&quot;classic&quot;}\">\n\t\t\t\t\t\t\t<div class=\"elementor-background-overlay\"><\/div>\n\t\t\t\t\t\t\t<div class=\"elementor-container elementor-column-gap-default\">\n\t\t\t\t\t<div class=\"elementor-column elementor-col-100 elementor-top-column elementor-element elementor-element-50e97eb0\" data-id=\"50e97eb0\" data-element_type=\"column\">\n\t\t\t<div class=\"elementor-widget-wrap elementor-element-populated\">\n\t\t\t\t\t\t\t\t<div class=\"elementor-element elementor-element-d0f38d6 elementor-widget elementor-widget-heading\" data-id=\"d0f38d6\" data-element_type=\"widget\" data-widget_type=\"heading.default\">\n\t\t\t\t<div class=\"elementor-widget-container\">\n\t\t\t<h2 class=\"elementor-heading-title elementor-size-default\">Expandemos tu negocio en el Mundo<\/h2>\t\t<\/div>\n\t\t\t\t<\/div>\n\t\t\t\t\t<\/div>\n\t\t<\/div>\n\t\t\t\t\t\t\t<\/div>\n\t\t<\/section>\n\t\t\t\t<section class=\"elementor-section elementor-top-section elementor-element elementor-element-254f854c elementor-section-boxed elementor-section-height-default elementor-section-height-default\" data-id=\"254f854c\" data-element_type=\"section\">\n\t\t\t\t\t\t<div class=\"elementor-container elementor-column-gap-no\">\n\t\t\t\t\t<div class=\"elementor-column elementor-col-100 elementor-top-column elementor-element elementor-element-6d2066ac\" data-id=\"6d2066ac\" data-element_type=\"column\">\n\t\t\t<div class=\"elementor-widget-wrap elementor-element-populated\">\n\t\t\t\t\t\t\t\t<div class=\"elementor-element elementor-element-76093b3 elementor-widget elementor-widget-thim-heading\" data-id=\"76093b3\" data-element_type=\"widget\" data-widget_type=\"thim-heading.default\">\n\t\t\t\t<div class=\"elementor-widget-container\">\n\t\t\t<div class=\"sc_heading   text-center\"><h3 style=\"color:#333333;font-size:32px;font-weight:500;\" class=\"title\">Paises <strong> ATENDIDOS<\/strong><\/h3><p class=\"sub-heading\" style=\"color:#333333;\">Resultados de Excelencia<\/p><span class=\"line\"><\/span><\/div>\t\t<\/div>\n\t\t\t\t<\/div>\n\t\t\t\t<div class=\"elementor-element elementor-element-19e552c5 elementor-widget__width-inherit elementor-widget thim-widget-gallery-images\" data-id=\"19e552c5\" data-element_type=\"widget\" data-widget_type=\"thim-gallery-images.default\">\n\t\t\t\t<div class=\"elementor-widget-container\">\n\t\t\t<div class=\"thim-carousel-wrapper gallery-img \"  data-visible=\"3\" data-pagination=\"0\" data-autoplay=\"yes\"  data-autoplaytimeout=\"5000\" data-loop=\"yes\" ><div class=\"item\"><img src =\"https:\/\/becascie.com\/wp-content\/uploads\/2023\/08\/15.jpg\" width=\"370\" height=\"250\" alt=\"\"\/><\/div><div class=\"item\"><img src =\"https:\/\/becascie.com\/wp-content\/uploads\/2023\/08\/27.jpg\" width=\"370\" height=\"250\" alt=\"\"\/><\/div><div class=\"item\"><img src =\"https:\/\/becascie.com\/wp-content\/uploads\/2023\/08\/36.jpg\" width=\"370\" height=\"250\" alt=\"\"\/><\/div><\/div>\t\t<\/div>\n\t\t\t\t<\/div>\n\t\t\t\t<div class=\"elementor-element elementor-element-c5e1dca elementor-widget__width-inherit elementor-widget thim-widget-gallery-images\" data-id=\"c5e1dca\" data-element_type=\"widget\" data-widget_type=\"thim-gallery-images.default\">\n\t\t\t\t<div class=\"elementor-widget-container\">\n\t\t\t<div class=\"thim-carousel-wrapper gallery-img \"  data-visible=\"3\" data-pagination=\"0\" data-autoplay=\"yes\"  data-autoplaytimeout=\"5000\" data-loop=\"yes\" ><div class=\"item\"><img src =\"https:\/\/becascie.com\/wp-content\/uploads\/2023\/08\/46.jpg\" width=\"370\" height=\"250\" alt=\"\"\/><\/div><div class=\"item\"><img src =\"https:\/\/becascie.com\/wp-content\/uploads\/2023\/08\/51.jpg\" width=\"370\" height=\"250\" alt=\"\"\/><\/div><div class=\"item\"><img src =\"https:\/\/becascie.com\/wp-content\/uploads\/2023\/08\/62.jpg\" width=\"370\" height=\"250\" alt=\"\"\/><\/div><\/div>\t\t<\/div>\n\t\t\t\t<\/div>\n\t\t\t\t<div class=\"elementor-element elementor-element-0f9d369 elementor-widget__width-inherit elementor-widget thim-widget-gallery-images\" data-id=\"0f9d369\" data-element_type=\"widget\" data-widget_type=\"thim-gallery-images.default\">\n\t\t\t\t<div class=\"elementor-widget-container\">\n\t\t\t<div class=\"thim-carousel-wrapper gallery-img \"  data-visible=\"3\" data-pagination=\"0\" data-autoplay=\"yes\"  data-autoplaytimeout=\"5000\" data-loop=\"yes\" ><div class=\"item\"><img src =\"https:\/\/becascie.com\/wp-content\/uploads\/2023\/08\/71.jpg\" width=\"370\" height=\"250\" alt=\"\"\/><\/div><div class=\"item\"><img src =\"https:\/\/becascie.com\/wp-content\/uploads\/2023\/08\/81.jpg\" width=\"370\" height=\"250\" alt=\"\"\/><\/div><div class=\"item\"><img src =\"https:\/\/becascie.com\/wp-content\/uploads\/2023\/08\/91.jpg\" width=\"370\" height=\"250\" alt=\"\"\/><\/div><\/div>\t\t<\/div>\n\t\t\t\t<\/div>\n\t\t\t\t\t<\/div>\n\t\t<\/div>\n\t\t\t\t\t\t\t<\/div>\n\t\t<\/section>\n\t\t\t\t<section class=\"elementor-section elementor-top-section elementor-element elementor-element-00e6f64 elementor-section-boxed elementor-section-height-default elementor-section-height-default\" data-id=\"00e6f64\" data-element_type=\"section\">\n\t\t\t\t\t\t<div class=\"elementor-container elementor-column-gap-no\">\n\t\t\t\t\t<div class=\"elementor-column elementor-col-100 elementor-top-column elementor-element elementor-element-936619f\" data-id=\"936619f\" data-element_type=\"column\">\n\t\t\t<div class=\"elementor-widget-wrap elementor-element-populated\">\n\t\t\t\t\t\t\t\t<div class=\"elementor-element elementor-element-3792f1d elementor-widget elementor-widget-thim-heading\" data-id=\"3792f1d\" data-element_type=\"widget\" data-widget_type=\"thim-heading.default\">\n\t\t\t\t<div class=\"elementor-widget-container\">\n\t\t\t<div class=\"sc_heading   text-center\"><h3 style=\"color:#333333;font-size:32px;font-weight:500;\" class=\"title\">Nuestras<strong> OFICINAS<\/strong><\/h3><span class=\"line\"><\/span><\/div>\t\t<\/div>\n\t\t\t\t<\/div>\n\t\t\t\t<div class=\"elementor-element elementor-element-9824b70 elementor-widget thim-widget-gallery-images\" data-id=\"9824b70\" data-element_type=\"widget\" data-widget_type=\"thim-gallery-images.default\">\n\t\t\t\t<div class=\"elementor-widget-container\">\n\t\t\t<div class=\"thim-carousel-wrapper gallery-img \"  data-visible=\"3\" data-pagination=\"0\" data-autoplay=\"yes\"  data-autoplaytimeout=\"5000\" data-loop=\"yes\" ><div class=\"item\"><img src =\"https:\/\/becascie.com\/wp-content\/uploads\/2023\/08\/10.jpg\" width=\"370\" height=\"250\" alt=\"\"\/><\/div><div class=\"item\"><img src =\"https:\/\/becascie.com\/wp-content\/uploads\/2023\/08\/11.jpg\" width=\"370\" height=\"250\" alt=\"\"\/><\/div><div class=\"item\"><img src =\"https:\/\/becascie.com\/wp-content\/uploads\/2023\/08\/12.jpg\" width=\"370\" height=\"250\" alt=\"\"\/><\/div><\/div>\t\t<\/div>\n\t\t\t\t<\/div>\n\t\t\t\t\t<\/div>\n\t\t<\/div>\n\t\t\t\t\t\t\t<\/div>\n\t\t<\/section>\n\t\t\t\t\t\t\t<\/div>\n\t\t","protected":false},"excerpt":{"rendered":"<p>\/*! elementor &#8211; v3.15.0 &#8211; 09-08-2023 *\/<br \/>\n.elementor-widget-image{text-align:center}.elementor-widget-image a{display:inline-block}.elementor-widget-image a img[src$=&#8221;.svg&#8221;]{width:48px}.elementor-widget-image img{vertical-align:middle;display:inline-block}<\/p>\n<p>SOMOS CIEUSA<\/p>\n<p>\/*! elementor &#8211; v3.15.0 &#8211; 09-08-2023 *\/<br \/>\n.elementor-heading-title{padding:0;margin:0;line-height:1}.elementor-widget-heading .elementor-heading-title[class*=elementor-size-]>a{color:inherit;font-size:inherit;line-height:inherit}.elementor-widget-heading .elementor-heading-title.elementor-size-small{font-size:15px}.elementor-widget-heading .elementor-heading-title.elementor-size-medium{font-size:19px}.elementor-widget-heading .elementor-heading-title.elementor-size-large{font-size:29px}.elementor-widget-heading .elementor-heading-title.elementor-size-xl{font-size:39px}.elementor-widget-heading .elementor-heading-title.elementor-size-xxl{font-size:59px}<br \/>\nImplementamos estrategias exitosas<br \/>\nNUESTRA EXPERIENCIA<br \/>\nEXPERTISE EN  ESTRATEGIAS COMERCIALES<br \n<\/p>\n","protected":false},"author":1,"featured_media":0,"parent":0,"menu_order":0,"comment_status":"closed","ping_status":"closed","template":"","meta":[],"_links":{"self":[{"href":"https:\/\/becascie.com\/index.php\/wp-json\/wp\/v2\/pages\/5644"}],"collection":[{"href":"https:\/\/becascie.com\/index.php\/wp-json\/wp\/v2\/pages"}],"about":[{"href":"https:\/\/becascie.com\/index.php\/wp-json\/wp\/v2\/types\/page"}],"author":[{"embeddable":true,"href":"https:\/\/becascie.com\/index.php\/wp-json\/wp\/v2\/users\/1"}],"replies":[{"embeddable":true,"href":"https:\/\/becascie.com\/index.php\/wp-json\/wp\/v2\/comments?post=5644"}],"version-history":[{"count":55,"href":"https:\/\/becascie.com\/index.php\/wp-json\/wp\/v2\/pages\/5644\/revisions"}],"predecessor-version":[{"id":11736,"href":"https:\/\/becascie.com\/index.php\/wp-json\/wp\/v2\/pages\/5644\/revisions\/11736"}],"wp:attachment":[{"href":"https:\/\/becascie.com\/index.php\/wp-json\/wp\/v2\/media?parent=5644"}],"curies":[{"name":"wp","href":"https:\/\/api.w.org\/{rel}","templated":true}]}}